{"id":531,"date":"2024-03-19T10:48:57","date_gmt":"2024-03-19T10:48:57","guid":{"rendered":"https:\/\/erczipo.ba\/wordpress\/?page_id=531"},"modified":"2024-03-27T10:11:55","modified_gmt":"2024-03-27T10:11:55","slug":"ipis","status":"publish","type":"page","link":"https:\/\/erczipo.ba\/index.php\/ipis\/","title":{"rendered":"Integralni Penzioni Informacioni Sistem &#8211; iPIS"},"content":{"rendered":"\n<p><\/p>\n\n\n\n<div class=\"wp-block-columns is-layout-flex wp-container-core-columns-is-layout-28f84493 wp-block-columns-is-layout-flex\">\n<div class=\"wp-block-column is-layout-flow wp-block-column-is-layout-flow\">\n<p class=\"has-input-field-color has-primary-background-color has-text-color has-background has-link-color has-small-font-size wp-elements-98d968b48b8b2264c5026936ab4c81e4\" style=\"margin-top:var(--wp--preset--spacing--80);margin-right:0;margin-bottom:var(--wp--preset--spacing--80);margin-left:0\">iPIS aplikacija je vrhunski informacioni sistem kreiran od strane firme ERC Zipo za Integralni penzioni informacioni sistem (IPIS) Fondova PIO\/MIO FBIH. Ova aplikacija, zasnovana na najsavremenijim ORACLE tehnologijama, pru\u017ea podr\u0161ku za vi\u0161e od 700 korisnika, olak\u0161avaju\u0107i njihov svakodnevni rad. Zahvaljuju\u0107i IPIS-u, zaposlenici PIO-a imaju efikasniji pristup informacijama, unapre\u0111enu komunikaciju i mogu\u0107nost br\u017eeg obavljanja poslovnih procesa. Sistem je dizajniran s fokusom na optimizaciju efikasnosti i pouzdanosti, \u0161to \u010dini IPIS neophodnim alatom za sve koji su uklju\u010deni u operativne aktivnosti Fondova PIO\/MIO FBIH.<\/p>\n<\/div>\n\n\n\n<div class=\"wp-block-column is-vertically-aligned-center is-layout-flow wp-block-column-is-layout-flow\">\n<figure class=\"wp-block-image size-large\"><img loading=\"lazy\" decoding=\"async\" width=\"1024\" height=\"561\" src=\"https:\/\/erczipo.ba\/wordpress\/wp-content\/uploads\/2024\/03\/ipis_img-1024x561.png\" alt=\"\" class=\"wp-image-532\" srcset=\"https:\/\/erczipo.ba\/wp-content\/uploads\/2024\/03\/ipis_img-1024x561.png 1024w, https:\/\/erczipo.ba\/wp-content\/uploads\/2024\/03\/ipis_img-300x164.png 300w, https:\/\/erczipo.ba\/wp-content\/uploads\/2024\/03\/ipis_img-768x421.png 768w, https:\/\/erczipo.ba\/wp-content\/uploads\/2024\/03\/ipis_img-1536x842.png 1536w, https:\/\/erczipo.ba\/wp-content\/uploads\/2024\/03\/ipis_img.png 1773w\" sizes=\"auto, (max-width: 1024px) 100vw, 1024px\" \/><\/figure>\n<\/div>\n<\/div>\n\n\n\n<div class=\"wp-block-cover is-light\"><span aria-hidden=\"true\" class=\"wp-block-cover__background has-border-background-color has-background-dim-20 has-background-dim\"><\/span><img loading=\"lazy\" decoding=\"async\" width=\"1783\" height=\"966\" class=\"wp-block-cover__image-background wp-image-535\" alt=\"\" src=\"https:\/\/erczipo.ba\/wordpress\/wp-content\/uploads\/2024\/03\/ipis.png\" data-object-fit=\"cover\" srcset=\"https:\/\/erczipo.ba\/wp-content\/uploads\/2024\/03\/ipis.png 1783w, https:\/\/erczipo.ba\/wp-content\/uploads\/2024\/03\/ipis-300x163.png 300w, https:\/\/erczipo.ba\/wp-content\/uploads\/2024\/03\/ipis-1024x555.png 1024w, https:\/\/erczipo.ba\/wp-content\/uploads\/2024\/03\/ipis-768x416.png 768w, https:\/\/erczipo.ba\/wp-content\/uploads\/2024\/03\/ipis-1536x832.png 1536w\" sizes=\"auto, (max-width: 1783px) 100vw, 1783px\" \/><div class=\"wp-block-cover__inner-container is-layout-constrained wp-block-cover-is-layout-constrained\">\n<p class=\"has-text-align-center has-large-font-size\"><\/p>\n<\/div><\/div>\n\n\n\n<div style=\"height:60px\" aria-hidden=\"true\" class=\"wp-block-spacer\"><\/div>\n\n\n\n<div class=\"wp-block-columns is-layout-flex wp-container-core-columns-is-layout-28f84493 wp-block-columns-is-layout-flex\">\n<div class=\"wp-block-column is-layout-flow wp-block-column-is-layout-flow\"><\/div>\n\n\n\n<div class=\"wp-block-column is-layout-flow wp-block-column-is-layout-flow\"><\/div>\n<\/div>\n","protected":false},"excerpt":{"rendered":"<p>iPIS aplikacija je vrhunski informacioni sistem kreiran od strane firme ERC Zipo za Integralni penzioni informacioni sistem (IPIS) Fondova PIO\/MIO FBIH. Ova aplikacija, zasnovana na najsavremenijim ORACLE tehnologijama, pru\u017ea podr\u0161ku za vi\u0161e od 700 korisnika, olak\u0161avaju\u0107i njihov svakodnevni rad. Zahvaljuju\u0107i IPIS-u, zaposlenici PIO-a imaju efikasniji pristup informacijama, unapre\u0111enu komunikaciju i [&hellip;]<\/p>\n","protected":false},"author":1,"featured_media":0,"parent":0,"menu_order":0,"comment_status":"closed","ping_status":"closed","template":"","meta":{"footnotes":""},"class_list":["post-531","page","type-page","status-publish","hentry"],"_links":{"self":[{"href":"https:\/\/erczipo.ba\/index.php\/wp-json\/wp\/v2\/pages\/531","targetHints":{"allow":["GET"]}}],"collection":[{"href":"https:\/\/erczipo.ba\/index.php\/wp-json\/wp\/v2\/pages"}],"about":[{"href":"https:\/\/erczipo.ba\/index.php\/wp-json\/wp\/v2\/types\/page"}],"author":[{"embeddable":true,"href":"https:\/\/erczipo.ba\/index.php\/wp-json\/wp\/v2\/users\/1"}],"replies":[{"embeddable":true,"href":"https:\/\/erczipo.ba\/index.php\/wp-json\/wp\/v2\/comments?post=531"}],"version-history":[{"count":19,"href":"https:\/\/erczipo.ba\/index.php\/wp-json\/wp\/v2\/pages\/531\/revisions"}],"predecessor-version":[{"id":894,"href":"https:\/\/erczipo.ba\/index.php\/wp-json\/wp\/v2\/pages\/531\/revisions\/894"}],"wp:attachment":[{"href":"https:\/\/erczipo.ba\/index.php\/wp-json\/wp\/v2\/media?parent=531"}],"curies":[{"name":"wp","href":"https:\/\/api.w.org\/{rel}","templated":true}]}}